 is the remainder when 150004 is divided by 3571?
22
What is the remainder when 1332817 is divided by 102523?
18
Calculate the remainder when 5257419 is divided by 347.
22
What is the remainder when 4591919 is divided by 38?
37
Calculate the remainder when 3059967 is divided by 1529837.
293
What is the remainder when 58956 is divided by 171?
132
What is the remainder when 1562296 is divided by 520392?
1120
Calculate the remainder when 2206824 is divided by 23987.
20
Calculate the remainder when 140502834 is divided by 14.
10
Calculate the remainder when 155404817 is divided by 170.
167
Calculate the remainder when 1356452 is divided by 45214.
32
What is the remainder when 518001 is divided by 103587?
66
What is the remainder when 489898 is divided by 61216?
170
What is the remainder when 955489 is divided by 477650?
189
What is the remainder when 6595008 is divided by 125?
8
What is the remainder when 5518185 is divided by 971?
963
Calculate the remainder when 9020 is divided by 1910.
1380
Calculate the remainder when 362888 is divided by 161.
155
What is the remainder when 230671 is divided by 234?
181
What is the remainder when 2913615 is divided by 263?
101
Calculate the remainder when 927647 is divided by 132479.
294
Calculate the remainder when 140486 is divided by 66.
38
Calculate the remainder when 32721126 is divided by 32721124.
2
What is the remainder when 143889 is divided by 71?
43
Calculate the remainder when 1329030 is divided by 88599.
45
Calculate the remainder when 4043 is divided by 75.
68
What is the remainder when 13503859 is divided by 177?
175
What is the remainder when 102789 is divided by 11400?
189
What is the remainder when 4935234 is divided by 987046?
4
Calculate the remainder when 71661110 is divided by 17915277.
2
Calculate the remainder when 5372336 is divided by 255.
251
Calculate the remainder when 156005219 is divided by 1500050.
19
Calculate the remainder when 745579252 is divided by 21.
19
What is the remainder when 132165 is divided by 130432?
1733
Calculate the remainder when 69490652 is divided by 16.
12
What is the remainder when 47060329 is divided by 1742974?
31
What is the remainder when 4539387 is divided by 43?
6
Calculate the remainder when 1773883 is divided by 7846.
687
What is the remainder when 14121607 is divided by 36?
31
Calculate the remainder when 65263855 is divided by 2072.
2071
What is the remainder when 13422022 is divided by 1134?
1132
What is the remainder when 2223386 is divided by 4680?
386
Calculate the remainder when 3853478 is divided by 21.
20
Calculate the remainder when 1361091 is divided by 1361032.
59
What is the remainder when 583245 is divided by 1658?
1287
What is the remainder when 3467388 is divided by 3467338?
50
What is the remainder when 67252 is divided by 289?
204
Calculate the remainder when 1931952 is divided by 251.
5
Calculate the remainder when 14099116 is divided by 836.
812
What is the remainder when 2295995 is divided by 2295985?
10
What is the remainder when 5287073 is divided by 29?
25
What is the remainder when 285321 is divided by 177?
174
Calculate the remainder when 138145 is divided by 19693.
294
Calculate the remainder when 12227998 is divided by 150.
148
Calculate the remainder when 5878180 is divided by 105.
70
Calculate the remainder when 1315095 is divided by 1380.
1335
Calculate the remainder when 27227754 is divided by 456.
450
What is the remainder when 5828518 is divided by 173?
148
Calculate the remainder when 110264 is divided by 35910.
2534
Calculate the remainder when 1164310 is divided by 581501.
1308
Calculate the remainder when 1461717 is divided by 60.
57
Calculate the remainder when 1332605 is divided by 443873.
986
What is the remainder when 70208648 is divided by 960?
8
Calculate the remainder when 451788 is divided by 23771.
139
Calculate the remainder when 17071107 is divided by 2401.
2398
What is the remainder when 4086 is divided by 253?
38
What is the remainder when 2736140 is divided by 256?
12
What is the remainder when 1252543 is divided by 13917?
13
What is the remainder when 1016795 is divided by 92357?
868
Calculate the remainder when 28438739 is divided by 193.
189
What is the remainder when 538424 is divided by 56?
40
What is the remainder when 350632 is divided by 50088?
16
What is the remainder when 70677 is divided by 23476?
249
Calculate the remainder when 72412564 is divided by 73.
68
What is the remainder when 828625 is divided by 1485?
1480
What is the remainder when 514591 is divided by 73?
14
Calculate the remainder when 73386238 is divided by 3840.
3838
Calculate the remainder when 817145 is divided by 102142.
9
What is the remainder when 148179953 is divided by 71?
42
Calculate the remainder when 1282198 is divided by 4260.
4198
Calculate the remainder when 89729510 is divided by 700.
10
What is the remainder when 50560 is divided by 50526?
34
What is the remainder when 13119668 is divided by 246?
242
Calculate the remainder when 12428828 is divided by 146.
140
What is the remainder when 1127854 is divided by 86758?
0
Calculate the remainder when 567796 is divided by 1036.
68
Calculate the remainder when 236857 is divided by 88.
49
Calculate the remainder when 40803303 is divided by 626.
623
Calculate the remainder when 22594970 is divided by 4725.
20
What is the remainder when 820167 is divided by 154?
117
Calculate the remainder when 65592 is divided by 1042.
988
Calculate the remainder when 179530 is divided by 1103.
844
What is the remainder when 655952 is divided by 209?
110
What is the remainder when 922976 is divided by 1225?
551
Calculate the remainder when 46479165 is divided by 3534.
3531
Calculate the remainder when 91770 is divided by 6549.
84
Calculate the remainder when 107140 is divided by 3071.
2726
What is the remainder when 491396 is divided by 364?
360
What is the remainder when 4247476 is divided by 424685?
626
What is the remainder when 76473 is divided by 10904?
145
What is the remainder when 414823 is divided by 6381?
58
Calculate the remainder when 398873 is divided by 7704.
5969
Calculate the remainder when 733733 is divided by 149.
57
What is the remainder when 500976 is divided by 187?
3
Calculate the remainder when 13764 is divided by 178.
58
What is the remainder when 76969791 is divided by 656?
655
Calculate the remainder when 4885655 is divided by 325710.
5
What is the remainder when 211768 is divided by 70566?
70
What is the remainder when 65486 is divided by 15014?
5430
Calculate the remainder when 56049679 is divided by 16384.
15
What is the remainder when 46196359 is divided by 58?
55
What is the remainder when 2007455 is divided by 4969?
4948
Calculate the remainder when 1434398 is divided by 61.
44
What is the remainder when 34616218 is divided by 607302?
4
Calculate the remainder when 647461 is divided by 1513.
1410
What is the remainder when 13759899 is divided by 229?
205
What is the remainder when 1210272 is divided by 71130?
1062
What is the remainder when 9751462 is divided by 98?
70
What is the remainder when 19437646 is divided by 11?
8
What is the remainder when 57352 is divided by 6322?
454
What is the remainder when 82653 is divided by 27535?
48
Calculate the remainder when 866892 is divided by 866824.
68
Calculate the remainder when 9187 is divided by 3010.
157
What is the remainder when 1527656 is divided by 20632?
888
Calculate the remainder when 723721107 is divided by 44.
43
What is the remainder when 425936 is divided by 77?
49
What is the remainder when 7853270 is divided by 2106?
2102
What is the remainder when 3226540 is divided by 159?
112
What is the remainder when 10424 is divided by 151?
5
Calculate the remainder when 3574697 is divided by 25717.
34
What is the remainder when 67014 is divided by 66749?
265
Calculate the remainder when 39113627 is divided by 369.
365
Calculate the remainder when 433505 is divided by 144151.
1052
What is the remainder when 273178 is divided by 1843?
414
What is the remainder when 540788 is divided by 90120?
68
Calculate the remainder when 5005148 is divided by 130.
18
Calculate the remainder when 159049 is divided by 53014.
7
What is the remainder when 1834191 is divided by 4715?
56
Calculate the remainder whe